78*q - 3. Let s(i) = -25*i + 1. Let l(t) = 2*n(t) + 7*s(t). What is l(1)?
-18
Let g(q) be the first derivative of -q**2/2 - 10*q + 11. Let n = 43 - 50. Calculate g(n).
-3
Let z = -69 - -74. Let r(m) = m**3 + 3 - 3*m - 5 - 1 + 9*m - z*m**2. Give r(4).
5
Let z(h) = 3 - 4 + 5*h + 2. Let c(u) = 2*u - 29. Let t be c(15). Calculate z(t).
6
Let s be 0/1 - (1 + -1). Let x = 15 - s. Suppose 22 + 21 = -5*h + 2*z, h - 2*z + x = 0. Let i(f) = -f**2 - 8*f - 6. What is i(h)?
1
Suppose -34 = -5*g - 2*u, 4*g + 3*u = 3*g + 12. Suppose g*c = 11*c - 30. Let n(o) = -o**2 + 6*o - 1. Calculate n(c).
-1
Suppose 0 = 5*q + k + 9, 2*q + 5 = -2*q - 3*k. Let b = q + 5. Let z(j) = -b*j**2 + 5*j - 2*j**2 + 5*j**2 - j**2. Determine z(4).
4
Let x(r) = 3*r**3 - 37*r**2 + 10*r + 23. Let b(q) = 2*q**3 - 24*q**2 + 7*q + 15. Let t(c) = 8*b(c) - 5*x(c). Calculate t(6).
5
Let x(u) = -4*u - 23. Let y = -214 - -210. Give x(y).
-7
Let f(j) be the second derivative of j**5/20 + 3*j**4/4 - 5*j**3/3 + 13*j**2/2 - 3*j - 5. Give f(-10).
13
Let i = 0 + 8. Suppose -7 = -k - i. Let n be 4 + (2 - 2)/k. Let y(v) = v**3 - 3*v**2 - 7*v + 6. Give y(n).
-6
Let p(y) be the second derivative of 0*y**2 - 1/6*y**4 + 0 - 10*y + 1/6*y**3. Give p(2).
-6
Let u(x) be the third derivative of -x**6/60 + x**5/60 + 5*x**4/24 - x**3/3 + 195*x**2. Determine u(3).
-32
Let i(n) = n - 22. Let h(u) = u - 15. Let l(z) = 7*h(z) - 5*i(z). Suppose -849*d - 28 = -842*d. Determine l(d).
-3
Let o(a) = -a**3 + 11*a**2 - 11. Let q be o(11). Let y = -12 - q. Let d be y*(-2)/((-4)/(-14)). Let r(i) = i**3 - 6*i**2 - 7*i - 5. Determine r(d).
-5
Let u(j) be the third derivative of -j**6/24 - j**5/60 + j**3/6 + 157*j**2. Let d = 6 + -5. What is u(d)?
-5
Let g(m) = -7*m**3 - 9*m**2 - m + 5. Suppose -12*c - 130 = -38*c. Let r(t) = -4 + 4 - 5 + 8*t**2 + 6*t**3. Let j(h) = c*g(h) + 6*r(h). Give j(-4).
-1
Let r(n) = n**2 + 6*n - 3. Let f be (3/(-2))/(21/42). Let m be f*28/6*5/10. Give r(m).
4
Let y(t) = -t - 6. Let o be 2/5 + (-16)/(-10). Suppose o*z = -0*z + 3*r - 24, -60 = 5*z + r. Let h(n) = n + 6. Let f be h(z). Give y(f).
0
Let w(c) = -1 - 3*c**2 - 4*c**2 + 1242*c - 1243*c. Calculate w(-1).
-7
Let t = -1338 + 1330. Let s(w) = -w**2 - 12*w - 35. What is s(t)?
-3
Let s(p) = -p - 5 + 1 - 4 + 9. Suppose 3 + 1 = -u + 2*y, 21 = u + 3*y. Let k = -7 + u. What is s(k)?
2
Let f(i) = 9*i**3 + 33*i**2 - 35*i. Let n(y) = -5*y**3 - 17*y**2 + 18*y. Let p(a) = 4*f(a) + 7*n(a). Let w be p(-14). Let k(h) = h**2 + 5. Calculate k(w).
5
Let z(t) = 3*t + 9 - 10 + 5 - 11*t + 9*t - t**2. Calculate z(6).
-26
Let k(z) = -5*z**2 - 2*z - 2. Let x(l) = -11*l**2 - 5*l - 4. Let g(c) = -13*k(c) + 6*x(c). Let r = -12 - -8. What is g(r)?
2
Suppose 13 - 1 = -3*t. Let n = -20 + t. Let d be (-7)/(-21) - n/9. Let j(b) = -b - 3. Give j(d).
-6
Let z(h) = 3*h. Let a(f) = 12*f**3 - f**2 + 1. Let w be a(1). Let t(o) = -1240*o - 6 + 1241*o - 1. Let n be t(w). Determine z(n).
15
Let d be (-16)/6*57/(-76). Let w(g) = 15*g**2 - 42*g**2 + 14*g**2 + 12*g**d - 2*g + 1. What is w(2)?
-7
Suppose 4*d + 4*s - 48 = 0, -3*d = s - 18 - 18. Let l(z) = 7*z - d + 8*z - 13*z. What is l(11)?
10
Let b(t) be the first derivative of t**3/3 + 15*t**2/2 + 15*t - 432. Let y = 7 + -21. Calculate b(y).
1
Let z(x) be the third derivative of x**4/6 - 4*x**3/3 + 52*x**2. Calculate z(10).
32
Let t(z) = z**3 + 3*z**2 - z + 3. Let m = 60 - 90. Let d = -33 - m. Calculate t(d).
6
Let r be ((-8)/(-10))/(3*8/(-60)). Let c(l) = 4*l**2 + 4*l + 5. Determine c(r).
13
Let y(j) be the first derivative of j**3/3 - 7*j**2/2 - 9*j - 14. Let q(r) = -r**2 + 7*r + 9. Let t(x) = -5*q(x) - 6*y(x). Give t(8).
1
Let o(v) = 4*v - 4. Suppose -r = 4, c + 5*r = -0 + 2. Let l = 13 - c. Let y be 30/l - (-3)/9. What is o(y)?
-16
Suppose -12 + 0 = 4*z. Let q(f) = 3469 + 4*f + f**2 - 3469. What is q(z)?
-3
Let k(d) be the first derivative of d**3/3 + 3*d**2 + 3*d + 198. Determine k(-6).
3
Suppose -8 = -2*c - 4. Let h(u) = 3 - u**2 - 6*u**c + u**2 + 2*u + u**3 + u**2. Suppose 5*a + 3 - 18 = 0. What is h(a)?
-9
Let j(p) = p**3 + 5*p**2 + 2*p - 4. Suppose 3*y = -4*t - 14 - 6, 4 = y - 4*t. Give j(y).
4
Let t(r) = 9*r - 5*r - r - 2. Give t(4).
10
Let q(a) = -a**3 + 4. Let f(s) = -s**3 - 5*s**2 + 7*s + 6. Let n be f(-6). Let h(c) = 4*c**2 - 14*c - 14. Let w be h(-1). Suppose 0 = -n*u + w*u. What is q(u)?
4
Let a = -23 + 5. Let g = 19 + a. Let t(r) = -g + 0 - 30*r - r**3 + 32*r + 3*r**2 - 4*r**2. Determine t(-2).
-1
Let l(j) = 6*j - 2*j**2 - 7*j + j**2 - 1. Let a(f) = f**3 - 8*f**2 - 9*f - 4. Let v(o) = a(o) - 6*l(o). Calculate v(3).
2
Let j = -21 - 24. Let w be 6/45 + 321/j. Let t(g) = -g**3 - 7*g**2 + 1. What is t(w)?
1
Let u(k) = k + 2. Let y = -12 + 9. Let m = 0 - y. Suppose -5*z = 5, -f = -m*z - 3 - 2. Determine u(f).
4
Let p(z) be the third derivative of z**6/40 - z**5/60 - z**4/24 - z**3/6 - z**2. Suppose 130*y + 1 = 129*y. What is p(y)?
-4
Let v(y) = y**3 - 8*y**2 - 14*y + 12. Let f be v(9). Let g = f + 33. Let i(k) = 1 + 3*k - k + g - 5. Give i(5).
6
Let b(h) = 0*h**3 - 81*h**2 - h**3 + 2*h + 90*h**2 - 11. What is b(9)?
7
Let c(k) = -k**3 - 6*k**2 - 11*k - 6. Suppose -5*r - 32 = -12. Give c(r).
6
Let s(y) = y**2 - 9*y + 8. Let l be ((-14)/3)/((-8)/12). Let o(d) = -d**2 + 11*d - 17. Let n be o(7). Suppose l = 3*w - n. Determine s(w).
-10
Let n(y) = -3 - 151*y + 2 + 140*y. Let o = 3 + -4. What is n(o)?
10
Let q(g) = -5*g. Suppose 9*p = 228 + 114. Suppose 0 = -n - s - 40, -4*n + 0*s - 160 = -2*s. Let f = p + n. Determine q(f).
10
Let k(m) be the third derivative of m**4/6 + m**3/3 + 28*m**2. Let a(i) = -i**3 + 11*i**2 + i - 13. Let t be a(11). Determine k(t).
-6
Let s(r) = 7*r**2 - 2. Let h(l) = -31*l**2 + l + 9. Let z(g) = -2*h(g) - 9*s(g). Let m(a) = -a**3 - a**2 + 4*a. Let i be m(-3). Let k = i - 4. What is z(k)?
-8
Let u(g) = 16*g + 347. Let m be u(-22). Let c(h) = h - 5. Calculate c(m).
-10
Suppose 0 = -1036*c + 1032*c + 4. Let v(w) = 19*w**2 - 2*w + 1. Determine v(c).
18
Let d(s) = s**2 - 8*s - 1. Let o be 1 + (20/(-28))/(1/(-7)). Give d(o).
-13
Let k(l) = 6*l**2 + 12*l + 3. Let z(p) = -5*p**2 - 11*p - 3. Suppose -3*s - 2*s + 40 = 0. Suppose s = -11*h + 9*h. Let a(u) = h*k(u) - 5*z(u). What is a(-7)?
3
Let c(h) = h**3 - 5*h**2 - 6*h + 1. Let q be (-240)/(-42) + (-4)/(-14). Let x = 56 - 53. Suppose 2*a - x*a + q = 0. Give c(a).
1
Let v(c) = c**3 + 9*c**2 + 9*c + 9. Suppose 0 = 77*j - j + 532. What is v(j)?
44
Suppose 0 = -2*k + 5*m + 20, 25*k - 27*k + 2 = 4*m. Let y(s) = -2*s - 1. Let q be y(-2). Let a(c) = c**2 + 4*c**3 - 7*c**2 + 6*c - q*c**3. Calculate a(k).
5
Let h(z) = 9*z + 9. Let f(i) = 2*i - 1. Let l(y) = -3*f(y) + h(y). Determine l(-6).
-6
Let w = 59 + -57. Let u(c) = -8 - 5*c - 3*c**w + 9*c**2 + c**2 - c**3 + 0*c. Give u(6).
-2
Suppose 11 + 45 = 14*g. Let y(j) be the third derivative of j**4/12 - 2*j**2. Calculate y(g).
8
Let t(m) = m**2 + m. Let s(y) = 1 - 1 + y. Let h(j) = 2*s(j) + t(j). Let o = -5223 - -5219. Determine h(o).
4
Let y(t) = -t - 3. Let n(i) be the third derivative of -i**4/4 - 7*i**3/3 - 10*i**2. Let c(b) = -3*n(b) + 14*y(b). Determine c(-1).
-4
Let s(z) = -z**2 - 5*z + 8. Let q be s(-6). Suppose 8 + 15 = -q*k + 5*l, -l = 3*k - 8. Let x(p) = p + p + 0 + p + k. What is x(-1)?
-2
Let r(a) = 4*a - 16. Let y(f) = 2*f - 8. Let p(l) = -3*r(l) + 7*y(l). Suppose -2 + 44 = 6*n. Give p(n).
6
Let d(g) = -9*g**2 - 21*g + 3. Let n(x) = x + 20. Let k be n(-13). Let j(p) = 5*p**2 + 11*p - 2. Let f(z) = k*j(z) + 4*d(z). Calculate f(-6).
4
Let g be 1 + 54/8 + 63/252. Let y(w) = 2*w**3 + 9*w**2 + 10*w - 1. Let f(o) = -3*o**3 - 13*o**2 - 15*o + 2. Let p(t) = g*y(t) + 5*f(t). Determine p(-4).
30
Suppose 4*g + 38 = -5*k, 0 = 3*g + k + 4*k + 31. Let y(n) be the second derivative of n**3/6 + n**2/2 + 48*n. Calculate y(g).
-6
Let v(a) = -9*a + 3. Let l be v(1). Let o(i) = -i**3 - 7*i**2 + 4*i - 3. Suppose 7 = n + 8. Let y(z) = -z**2 - z + 1. Let m(q) = n*o(q) + 2*y(q). Give m(l).
5
Let z(o) be the third derivative of o**6/120 + 11*o**5/30 + 11*o**4/12 + 5*o**3 - 175*o**2. What is z(-21)?
9
Let a = -4 - -6. Let v(u) = u**2 - 9*u - 6. Let k(x) = x + 1. Let g(t) = -14*k(t) - 2*v(t). Let w be g(a). Let q(i) = i - 1. Determine q(w).
-3
Let i(n) be the third derivative of -n**4/4 + 17*n**3/6 - 3*n**2 + 167*n. Determine i(3).
-1
